{"id":66,"date":"2022-02-13T14:45:18","date_gmt":"2022-02-13T17:45:18","guid":{"rendered":"https:\/\/espacoprosseguir.com.br\/?page_id=66"},"modified":"2022-02-28T09:28:13","modified_gmt":"2022-02-28T12:28:13","slug":"alimentacao","status":"publish","type":"page","link":"https:\/\/espacoprosseguir.com.br\/?page_id=66","title":{"rendered":"ALIMENTA\u00c7\u00c3O"},"content":{"rendered":"\n<div class=\"wp-block-columns is-layout-flex wp-container-core-columns-is-layout-9d6595d7 wp-block-columns-is-layout-flex\">\n<div class=\"wp-block-column is-layout-flow wp-block-column-is-layout-flow\">\n<figure class=\"wp-block-image size-large\"><img loading=\"lazy\" decoding=\"async\" width=\"768\" height=\"1024\" src=\"https:\/\/espacoprosseguir.com.br\/wp-content\/uploads\/2022\/02\/FOTO-ALIMENTACAO-768x1024.jpg\" alt=\"\" class=\"wp-image-190\" srcset=\"https:\/\/espacoprosseguir.com.br\/wp-content\/uploads\/2022\/02\/FOTO-ALIMENTACAO-768x1024.jpg 768w, https:\/\/espacoprosseguir.com.br\/wp-content\/uploads\/2022\/02\/FOTO-ALIMENTACAO-225x300.jpg 225w, https:\/\/espacoprosseguir.com.br\/wp-content\/uploads\/2022\/02\/FOTO-ALIMENTACAO.jpg 960w\" sizes=\"auto, (max-width: 768px) 100vw, 768px\" \/><\/figure>\n<\/div>\n\n\n\n<div class=\"wp-block-column is-layout-flow wp-block-column-is-layout-flow\">\n<p class=\"has-normal-font-size\">O espa\u00e7o do refeit\u00f3rio foi desenvolvido para incentivar a autonomia e responsabilidade das crian\u00e7as. A Prosseguir oferece todas as refei\u00e7\u00f5es necess\u00e1rias durante o per\u00edodo que a crian\u00e7a estiver na unidade.<\/p>\n\n\n\n<p class=\"has-normal-font-size\">Nos momentos das refei\u00e7\u00f5es as crian\u00e7as aprendem sobre a import\u00e2ncia de evitar o desperd\u00edcio de alimentos, a realizar a mastiga\u00e7\u00e3o correta, a utilizar os talheres, conhecem e experimentam alimentos diferentes e socializam com os amigos.<br>Em nosso balc\u00e3o t\u00e9rmico, com o sistema self-service, as crian\u00e7as podem se servir a vontade, promovendo h\u00e1bitos nutritivos saud\u00e1veis e desenvolvendo a sensa\u00e7\u00e3o de saciedade individual.<\/p>\n\n\n\n<p class=\"has-normal-font-size\">Contamos com a presen\u00e7a da nutricionista Ariel Munhoz que al\u00e9m de desenvolver o card\u00e1pio de forma variada,saud\u00e1vel e sazonal, acompanha as crian\u00e7as nas refei\u00e7\u00f5es a fim de garantir o desenvolvimento nutricional adequado de cada um e promove oficinas e pesquisas de educa\u00e7\u00e3o nutricional com o objetivo de ensinar h\u00e1bitos alimentares saud\u00e1veis e aumentar a aceita\u00e7\u00e3o das prepara\u00e7\u00f5es oferecidas.<\/p>\n\n\n\n<p class=\"has-normal-font-size\">A educa\u00e7\u00e3o alimentar e nutricional tem um papel importante em rela\u00e7\u00e3o \u00e0 promo\u00e7\u00e3o de h\u00e1bitos alimentares saud\u00e1veis desde a inf\u00e2ncia. Na escola, onde crian\u00e7as passam grande parte de seu dia, as a\u00e7\u00f5es de orienta\u00e7\u00e3o de promo\u00e7\u00e3o da sa\u00fade constituem importante meios de informa\u00e7\u00e3o e forma\u00e7\u00e3o de h\u00e1bitos que s\u00e3o levados at\u00e9 a fam\u00edlia.<\/p>\n\n\n\n<p class=\"has-normal-font-size\">Todas as refei\u00e7\u00f5es s\u00e3o cuidadosamente preparadas em nossa cozinha industrial com a meta de garantir a qualidade de higiene e preparo dos alimentos. Tudo isso unido a um ambiente de afeto e carinho.<\/p>\n<\/div>\n<\/div>\n\n\n\n<div class=\"wp-block-columns is-layout-flex wp-container-core-columns-is-layout-9d6595d7 wp-block-columns-is-layout-flex\">\n<div class=\"wp-block-column is-layout-flow wp-block-column-is-layout-flow\" style=\"flex-basis:100%\">\n<div class=\"wp-block-columns is-layout-flex wp-container-core-columns-is-layout-9d6595d7 wp-block-columns-is-layout-flex\">\n<div class=\"wp-block-column is-layout-flow wp-block-column-is-layout-flow\" style=\"flex-basis:100%\">\n<div class=\"wp-block-buttons is-content-justification-center is-layout-flex wp-container-core-buttons-is-layout-16018d1d wp-block-buttons-is-layout-flex\">\n<div class=\"wp-block-button is-style-fill\"><a class=\"wp-block-button__link\">VEJA O CARD\u00c1PIO DO M\u00caS<\/a><\/div>\n<\/div>\n<\/div>\n<\/div>\n<\/div>\n<\/div>\n","protected":false},"excerpt":{"rendered":"<p>O espa\u00e7o do refeit\u00f3rio foi desenvolvido para incentivar a autonomia e responsabilidade das crian\u00e7as. A Prosseguir oferece todas as refei\u00e7\u00f5es necess\u00e1rias durante o per\u00edodo que a crian\u00e7a estiver na unidade. Nos momentos das refei\u00e7\u00f5es as crian\u00e7as aprendem sobre a import\u00e2ncia de evitar o desperd\u00edcio de alimentos, a realizar a mastiga\u00e7\u00e3o correta, a utilizar os talheres, [&hellip;]<\/p>\n","protected":false},"author":1,"featured_media":0,"parent":0,"menu_order":0,"comment_status":"closed","ping_status":"closed","template":"","meta":{"footnotes":""},"class_list":["post-66","page","type-page","status-publish","hentry"],"_links":{"self":[{"href":"https:\/\/espacoprosseguir.com.br\/index.php?rest_route=\/wp\/v2\/pages\/66","targetHints":{"allow":["GET"]}}],"collection":[{"href":"https:\/\/espacoprosseguir.com.br\/index.php?rest_route=\/wp\/v2\/pages"}],"about":[{"href":"https:\/\/espacoprosseguir.com.br\/index.php?rest_route=\/wp\/v2\/types\/page"}],"author":[{"embeddable":true,"href":"https:\/\/espacoprosseguir.com.br\/index.php?rest_route=\/wp\/v2\/users\/1"}],"replies":[{"embeddable":true,"href":"https:\/\/espacoprosseguir.com.br\/index.php?rest_route=%2Fwp%2Fv2%2Fcomments&post=66"}],"version-history":[{"count":3,"href":"https:\/\/espacoprosseguir.com.br\/index.php?rest_route=\/wp\/v2\/pages\/66\/revisions"}],"predecessor-version":[{"id":306,"href":"https:\/\/espacoprosseguir.com.br\/index.php?rest_route=\/wp\/v2\/pages\/66\/revisions\/306"}],"wp:attachment":[{"href":"https:\/\/espacoprosseguir.com.br\/index.php?rest_route=%2Fwp%2Fv2%2Fmedia&parent=66"}],"curies":[{"name":"wp","href":"https:\/\/api.w.org\/{rel}","templated":true}]}}